{"id":501,"date":"2025-01-14T16:22:15","date_gmt":"2025-01-14T16:22:15","guid":{"rendered":"https:\/\/webshop.instituutnicole.be\/?post_type=product&#038;p=501"},"modified":"2025-01-14T16:22:16","modified_gmt":"2025-01-14T16:22:16","slug":"solar-defence-non-tinted-spf50-50ml","status":"publish","type":"product","link":"https:\/\/webshop.instituutnicole.be\/?product=solar-defence-non-tinted-spf50-50ml","title":{"rendered":"Solar Defence Non -Tinted SPF50 50ml"},"content":{"rendered":"<p>Deze geavanceerde zonnecr\u00e8me voor gelaat, hals en<br \/>\ndecollet\u00e9 biedt bescherming tegen UVA, UVB en infrarood,<br \/>\nterwijl de anti-aging ingredi\u00ebnten<br \/>\nhydrateren, beschermen en de huid zichtbaar verbeteren.<\/p>\n","protected":false},"excerpt":{"rendered":"<p>Deze geavanceerde zonnecr\u00e8me voor gelaat, hals en<br \/>\ndecollet\u00e9 biedt bescherming tegen UVA, UVB en infrarood,<br \/>\nterwijl de anti-aging ingredi\u00ebnten<br \/>\nhydrateren, beschermen en de huid zichtbaar verbeteren.<\/p>\n","protected":false},"featured_media":560,"comment_status":"open","ping_status":"closed","template":"","meta":[],"product_cat":[191,187,199],"product_tag":[],"class_list":{"0":"post-501","1":"product","2":"type-product","3":"status-publish","4":"has-post-thumbnail","6":"product_cat-gelaatsverzorging","7":"product_cat-hydro-peptide","8":"product_cat-zonnebeschermingsproducten","10":"first","11":"instock","12":"shipping-taxable","13":"purchasable","14":"product-type-simple"},"yoast_head":"<!-- This site is optimized with the Yoast SEO plugin v21.3 - https:\/\/yoast.com\/wordpress\/plugins\/seo\/ -->\n<title>Solar Defence Non -Tinted SPF50 50ml - Instituut Nicole Webshop<\/title>\n<meta name=\"robots\" content=\"index, follow, max-snippet:-1, max-image-preview:large, max-video-preview:-1\" \/>\n<link rel=\"canonical\" href=\"https:\/\/webshop.instituutnicole.be\/?product=solar-defence-non-tinted-spf50-50ml\" \/>\n<meta property=\"og:locale\" content=\"nl_NL\" \/>\n<meta property=\"og:type\" content=\"article\" \/>\n<meta property=\"og:title\" content=\"Solar Defence Non -Tinted SPF50 50ml - Instituut Nicole Webshop\" \/>\n<meta property=\"og:description\" content=\"Deze geavanceerde zonnecr\u00e8me voor gelaat, hals en decollet\u00e9 biedt bescherming tegen UVA, UVB en infrarood, terwijl de anti-aging ingredi\u00ebnten hydrateren, beschermen en de huid zichtbaar verbeteren.\" \/>\n<meta property=\"og:url\" content=\"https:\/\/webshop.instituutnicole.be\/?product=solar-defence-non-tinted-spf50-50ml\" \/>\n<meta property=\"og:site_name\" content=\"Instituut Nicole Webshop\" \/>\n<meta property=\"article:modified_time\" content=\"2025-01-14T16:22:16+00:00\" \/>\n<meta property=\"og:image\" content=\"https:\/\/webshop.instituutnicole.be\/wp-content\/uploads\/2025\/01\/Solar-Defense-Non-Tinted-300x300-1.png\" \/>\n\t<meta property=\"og:image:width\" content=\"300\" \/>\n\t<meta property=\"og:image:height\" content=\"300\" \/>\n\t<meta property=\"og:image:type\" content=\"image\/png\" \/>\n<meta name=\"twitter:card\" content=\"summary_large_image\" \/>\n<meta name=\"twitter:label1\" content=\"Geschatte leestijd\" \/>\n\t<meta name=\"twitter:data1\" content=\"1 minuut\" \/>\n<script type=\"application\/ld+json\" class=\"yoast-schema-graph\">{\"@context\":\"https:\/\/schema.org\",\"@graph\":[{\"@type\":\"WebPage\",\"@id\":\"https:\/\/webshop.instituutnicole.be\/?product=solar-defence-non-tinted-spf50-50ml\",\"url\":\"https:\/\/webshop.instituutnicole.be\/?product=solar-defence-non-tinted-spf50-50ml\",\"name\":\"Solar Defence Non -Tinted SPF50 50ml - Instituut Nicole Webshop\",\"isPartOf\":{\"@id\":\"https:\/\/webshop.instituutnicole.be\/#website\"},\"datePublished\":\"2025-01-14T16:22:15+00:00\",\"dateModified\":\"2025-01-14T16:22:16+00:00\",\"breadcrumb\":{\"@id\":\"https:\/\/webshop.instituutnicole.be\/?product=solar-defence-non-tinted-spf50-50ml#breadcrumb\"},\"inLanguage\":\"nl-NL\",\"potentialAction\":[{\"@type\":\"ReadAction\",\"target\":[\"https:\/\/webshop.instituutnicole.be\/?product=solar-defence-non-tinted-spf50-50ml\"]}]},{\"@type\":\"BreadcrumbList\",\"@id\":\"https:\/\/webshop.instituutnicole.be\/?product=solar-defence-non-tinted-spf50-50ml#breadcrumb\",\"itemListElement\":[{\"@type\":\"ListItem\",\"position\":1,\"name\":\"Home\",\"item\":\"https:\/\/webshop.instituutnicole.be\/\"},{\"@type\":\"ListItem\",\"position\":2,\"name\":\"Winkel\",\"item\":\"https:\/\/webshop.instituutnicole.be\/\"},{\"@type\":\"ListItem\",\"position\":3,\"name\":\"Solar Defence Non -Tinted SPF50 50ml\"}]},{\"@type\":\"WebSite\",\"@id\":\"https:\/\/webshop.instituutnicole.be\/#website\",\"url\":\"https:\/\/webshop.instituutnicole.be\/\",\"name\":\"Instituut Nicole Webshop\",\"description\":\"\",\"potentialAction\":[{\"@type\":\"SearchAction\",\"target\":{\"@type\":\"EntryPoint\",\"urlTemplate\":\"https:\/\/webshop.instituutnicole.be\/?s={search_term_string}\"},\"query-input\":\"required name=search_term_string\"}],\"inLanguage\":\"nl-NL\"}]}<\/script>\n<!-- \/ Yoast SEO plugin. -->","yoast_head_json":{"title":"Solar Defence Non -Tinted SPF50 50ml - Instituut Nicole Webshop","robots":{"index":"index","follow":"follow","max-snippet":"max-snippet:-1","max-image-preview":"max-image-preview:large","max-video-preview":"max-video-preview:-1"},"canonical":"https:\/\/webshop.instituutnicole.be\/?product=solar-defence-non-tinted-spf50-50ml","og_locale":"nl_NL","og_type":"article","og_title":"Solar Defence Non -Tinted SPF50 50ml - Instituut Nicole Webshop","og_description":"Deze geavanceerde zonnecr\u00e8me voor gelaat, hals en decollet\u00e9 biedt bescherming tegen UVA, UVB en infrarood, terwijl de anti-aging ingredi\u00ebnten hydrateren, beschermen en de huid zichtbaar verbeteren.","og_url":"https:\/\/webshop.instituutnicole.be\/?product=solar-defence-non-tinted-spf50-50ml","og_site_name":"Instituut Nicole Webshop","article_modified_time":"2025-01-14T16:22:16+00:00","og_image":[{"width":300,"height":300,"url":"https:\/\/webshop.instituutnicole.be\/wp-content\/uploads\/2025\/01\/Solar-Defense-Non-Tinted-300x300-1.png","type":"image\/png"}],"twitter_card":"summary_large_image","twitter_misc":{"Geschatte leestijd":"1 minuut"},"schema":{"@context":"https:\/\/schema.org","@graph":[{"@type":"WebPage","@id":"https:\/\/webshop.instituutnicole.be\/?product=solar-defence-non-tinted-spf50-50ml","url":"https:\/\/webshop.instituutnicole.be\/?product=solar-defence-non-tinted-spf50-50ml","name":"Solar Defence Non -Tinted SPF50 50ml - Instituut Nicole Webshop","isPartOf":{"@id":"https:\/\/webshop.instituutnicole.be\/#website"},"datePublished":"2025-01-14T16:22:15+00:00","dateModified":"2025-01-14T16:22:16+00:00","breadcrumb":{"@id":"https:\/\/webshop.instituutnicole.be\/?product=solar-defence-non-tinted-spf50-50ml#breadcrumb"},"inLanguage":"nl-NL","potentialAction":[{"@type":"ReadAction","target":["https:\/\/webshop.instituutnicole.be\/?product=solar-defence-non-tinted-spf50-50ml"]}]},{"@type":"BreadcrumbList","@id":"https:\/\/webshop.instituutnicole.be\/?product=solar-defence-non-tinted-spf50-50ml#breadcrumb","itemListElement":[{"@type":"ListItem","position":1,"name":"Home","item":"https:\/\/webshop.instituutnicole.be\/"},{"@type":"ListItem","position":2,"name":"Winkel","item":"https:\/\/webshop.instituutnicole.be\/"},{"@type":"ListItem","position":3,"name":"Solar Defence Non -Tinted SPF50 50ml"}]},{"@type":"WebSite","@id":"https:\/\/webshop.instituutnicole.be\/#website","url":"https:\/\/webshop.instituutnicole.be\/","name":"Instituut Nicole Webshop","description":"","potentialAction":[{"@type":"SearchAction","target":{"@type":"EntryPoint","urlTemplate":"https:\/\/webshop.instituutnicole.be\/?s={search_term_string}"},"query-input":"required name=search_term_string"}],"inLanguage":"nl-NL"}]}},"_links":{"self":[{"href":"https:\/\/webshop.instituutnicole.be\/index.php?rest_route=\/wp\/v2\/product\/501","targetHints":{"allow":["GET"]}}],"collection":[{"href":"https:\/\/webshop.instituutnicole.be\/index.php?rest_route=\/wp\/v2\/product"}],"about":[{"href":"https:\/\/webshop.instituutnicole.be\/index.php?rest_route=\/wp\/v2\/types\/product"}],"replies":[{"embeddable":true,"href":"https:\/\/webshop.instituutnicole.be\/index.php?rest_route=%2Fwp%2Fv2%2Fcomments&post=501"}],"wp:featuredmedia":[{"embeddable":true,"href":"https:\/\/webshop.instituutnicole.be\/index.php?rest_route=\/wp\/v2\/media\/560"}],"wp:attachment":[{"href":"https:\/\/webshop.instituutnicole.be\/index.php?rest_route=%2Fwp%2Fv2%2Fmedia&parent=501"}],"wp:term":[{"taxonomy":"product_cat","embeddable":true,"href":"https:\/\/webshop.instituutnicole.be\/index.php?rest_route=%2Fwp%2Fv2%2Fproduct_cat&post=501"},{"taxonomy":"product_tag","embeddable":true,"href":"https:\/\/webshop.instituutnicole.be\/index.php?rest_route=%2Fwp%2Fv2%2Fproduct_tag&post=501"}],"curies":[{"name":"wp","href":"https:\/\/api.w.org\/{rel}","templated":true}]}}